0 - 4 - (-98 - -3) composite?
True
Let z(v) = -95*v - 1. Suppose -3*q - 5*j - 32 = 0, -3*j - 2*j - 28 = 2*q. Is z(q) prime?
True
Suppose -16 = -4*p, 4*i - 4 = -5*p + 40. Let l(c) = 87*c - 11. Is l(i) a prime number?
False
Is (0 + 249)*(-6)/(-18) composite?
False
Is 3 + (-2 + 2514)/4 a composite number?
False
Let x(s) = 49*s**3 - 4*s**2 + 2*s - 1. Is x(2) prime?
True
Let j(p) = 4 - 5 + 63*p**3 + 51*p**3 + 0*p**3. Is j(1) composite?
False
Suppose 4*o - 912 = 44. Is o prime?
True
Let f(d) = -56*d + 9. Is f(-2) prime?
False
Suppose 4*x - 2*l = -6, 5*l - 12 = 3*x + 10. Let z be 25/(x/(-3)*-1). Suppose 3*g = -2*g + z. Is g prime?
False
Let z(b) = 2*b**2 + 6*b + 4. Let j be z(-4). Suppose -4*d + 0*d - j = 0. Is 6/9 + (-109)/d a composite number?
False
Let d = 8 + -17. Let j = d + 67. Let f = 85 + j. Is f a prime number?
False
Is (-8950)/(-8) + 0 + (-3)/(-12) composite?
True
Let g = -762 - -1393. Is g a composite number?
False
Suppose 2 = q - 1. Suppose -2*f - f + 2868 = -q*x, x - 1909 = -2*f. Is f a prime number?
False
Suppose 2*x = -4*i + 352, 5*x + 12*i - 886 = 8*i. Is x composite?
True
Let k = 175 + 496. Is k a composite number?
True
Suppose -5*p - 3 = -2*p. Let k(t) = 24*t + 5. Let o(q) = -24*q - 6. Let j(h) = -5*k(h) - 4*o(h). Is j(p) composite?
False
Let g = 1736 - 815. Is g prime?
False
Let l(d) = 5*d - 5. Let c be l(5). Let u(o) = 14*o**2 + c*o**2 + 1 + 2*o**2. Is u(1) a prime number?
True
Let v(b) = b**3 + 4*b**2 - 5*b + 6. Let p be v(-5). Let y(n) = 13*n**2 - 2*n + 11. Is y(p) a prime number?
True
Let s(k) = k**2 + 17*k + 2. Let v be s(-8). Is (-2)/(-3 + (-206)/v) prime?
False
Let g be 2/9 - (-415)/(-45). Let o = g + 35. Is o a prime number?
False
Suppose 3*q = 2*q + 83. Let r = q + -46. Is r a composite number?
False
Let o = -1 - -4. Let t(s) = s + 2. Let w be t(o). Suppose w*i - 84 + 19 = -5*g, -i + 13 = 5*g. Is i composite?
False
Let l = 0 - -74. Is l a composite number?
True
Let x(v) = 13*v**2 + 6*v + 5. Let r be x(-4). Suppose -2*n = 5*g - 768, 0*g = 4*g + 4*n - 624. Suppose -4*t = -8, -3*l + g = t - r. Is l a composite number?
False
Let c(q) = -13*q + 3. Suppose 5*v - 4 = -n - 21, 5*v = -2*n - 14. Let u be c(v). Suppose i = 4*b - 81, 2*b - u = 3*i - 2. Is b a composite number?
False
Let c = 23 + -38. Let f be 10*(c/(-6))/5. Suppose -f*u = -13 - 17. Is u composite?
True
Let i(c) = c - 7. Let s be i(7). Suppose s = 2*p - 2*d - 8, -3*p - 10 + 2 = 2*d. Is 47 + p + -1 + 1 a prime number?
True
Let x(w) = 5 + 0*w**3 + w**3 - w**2 + 0*w**2 - 3*w + 7*w. Is x(4) composite?
True
Let x(p) = -p**3 + 4*p**2 + p - 1. Suppose 4*u - 28 = -3*r, 4*u = -u + 5*r. Is x(u) a composite number?
False
Let i = 399 - 236. Is i a composite number?
False
Let a be 1/((-9)/15)*3. Let n(y) = 18*y**2 + 10*y + 1. Is n(a) prime?
True
Let i be (-138)/((6*-1)/3). Let b = i - 38. Is b prime?
True
Suppose 17 + 7 = 4*a. Let n = a + 5. Is n a composite number?
False
Let m(r) = 5*r**3 + 2*r**2 + 6*r + 1. Is m(4) a composite number?
True
Suppose -4*q - q = 5*z, -4*q - 16 = -4*z. Suppose -a + 5*y - 248 = -5*a, -5*y - 154 = -z*a. Is a prime?
True
Suppose -7 = -d + 2. Is 3/(-2)*(-10806)/d prime?
True
Suppose 2*u + 68 = -u - 5*y, y - 5 = 0. Let i = -12 - u. Is i a prime number?
True
Let p = -25 - -39. Is 13/(0 - (-2)/p) prime?
False
Let g(z) = 4*z**2 - 4*z - 19. Is g(8) a prime number?
False
Let a be ((-6)/4)/((-6)/8). Let b(m) = 57*m + 2. Let i be b(a). Is 1/(-4) - i/(-16) prime?
True
Suppose 0*i - 14 = 2*i. Let c be -1 - i - (2 + 0). Suppose -k - 3*z - 337 = -6*k, c*k - 3*z - 272 = 0. Is k prime?
False
Is 5*(8/(-10) - -2) composite?
True
Let s(t) = 2*t - 7. Let l be s(5). Suppose 3*y - 3 = -l*f, -4*y + 5*f - 9 = -4. Suppose -r + 9 = -y*r. Is r prime?
False
Let o(y) be the first derivative of 25*y**3/3 - y**2 - 2*y - 5. Is o(2) a prime number?
False
Let f(l) = l**2 - 2*l + 1. Let m be f(3). Suppose -257 + 45 = -m*a. Is a a composite number?
False
Suppose t - 100 = 5. Suppose 0 = w + 3*w + f - 129, 3*w - t = 2*f. Is w composite?
True
Let n(u) = u**2 + 2*u - 5. Let v be n(-4). Suppose -v*w + w + 190 = 0. Is w a prime number?
False
Suppose -25 = -f - x - 4*x, 3*x = -2*f + 15. Let w be (3/(-6))/(1/(-4)). Is (1 - (f - w)) + 1 composite?
True
Suppose 5747 = 5*z + 3*y, -4*z - y - 3437 = -7*z. Suppose -z = -2*g - 2*g - 5*m, -2*g = 2*m - 576. Is g prime?
True
Let n = 9 + -5. Suppose 5*j - n + 19 = 0. Is 8/j*357/(-28) prime?
False
Suppose 4*w - 5*w - 2*n = -1075, 0 = -5*n + 15. Is w prime?
True
Let w = 130 - -319. Is w a prime number?
True
Let t(u) = 12*u**2 - 2*u - 7. Is t(-6) composite?
True
Suppose 4*u = 8556 - 3112. Is u prime?
True
Let b(x) = -48*x. Let q be b(1). Let p = -11 - q. Is p a prime number?
True
Let y = -3 + 7. Suppose m - 2 = 3*m + 4*w, -y*m + 29 = -3*w. Suppose 4*u + 3*a - 61 = 14, m*a + 99 = 4*u. Is u prime?
False
Let q(o) = 6*o**2 + 2*o**2 - 2 - 4 + o + 1. Is q(-4) a prime number?
False
Suppose 563 = 4*p - 2*g - g, 0 = 2*g + 10. Let a = 325 + p. Suppose -3*r + a = 171. Is r a composite number?
False
Let v be -3*(-3 + (-21)/(-9)). Let t = -4 + v. Is ((-6)/4)/(t/4) composite?
False
Let m = 35 - 38. Suppose 3*q + 120 = -0*q. Let l = m - q. Is l prime?
True
Let q be 6*2/4 + -3. Suppose 5*x = n + 770, 5*x + q*n + n = 780. Is x prime?
False
Suppose -2 = c + 20. Let u be 12/(-6)*c/4. Let o = 24 - u. Is o a prime number?
True
Let n be 2/(-10) - (-816)/5. Let r = n + -44. Is r prime?
False
Let k = 450 - 198. Suppose -4*m + 1072 = k. Is m a composite number?
True
Suppose -3*t - x - 15 = 0, x = 2 + 1. Let w = 45 + t. Is w prime?
False
Suppose 378 = 3*l + 27. Let j = l - 50. Is j a prime number?
True
Let b(h) = 2*h**2 - 2. Let p be b(5). Suppose -4*a = a + 10. Is 5/5*(p + a) prime?
False
Suppose -4*j + o + 5 = 0, -6*j + j - 2*o = -16. Let s(b) = 1 + j*b - 4*b - 10*b - 9*b. Is s(-1) a prime number?
False
Let a(t) = 180*t**2 + t - 6. Let o(d) = d**2 + 1. Let w(l) = a(l) + 6*o(l). Is w(1) a composite number?
True
Let i = 285 + -144. Is i prime?
False
Suppose p - 2*p - 2*l = -18, l + 6 = p. Let u be (-3)/(-6*(-4)/(-128)). Let s = u - p. Is s a prime number?
False
Let k = 9090 + -5731. Is k a composite number?
False
Let h(o) = 4*o - 3*o + 0*o + 2*o - 5. Let f be h(11). Is 3/6*(f + 2) a composite number?
True
Let q(j) = -7 + 0 + 19*j + 8*j + 0. Let g be q(-5). Let d = g - -219. Is d prime?
False
Let v(y) = 25*y**2 - 2*y + 1. Let d be (-20)/(-15)*(-6)/(-4). Is v(d) a prime number?
True
Let h(x) = x + 10. Let c be h(-8). Suppose -5*t + 3*a + 220 = 0, -c*t + 0*a = -3*a - 79. Is t prime?
True
Let b be (2 + 14/(-4))*-2. Let f be 2 - (3 - (6 - 1)). Suppose 204 = f*o + b*d, -d - d + 255 = 5*o. Is o a prime number?
False
Suppose 1017 = 6*o - 189. Is o composite?
True
Suppose 4*w - 3 = 9. Suppose -3 = w*v + 7*u - 4*u, 5*v + u - 7 = 0. Let m(s) = 27*s - 1. Is m(v) composite?
False
Suppose 568 = 3*b - 5*z - 187, -3*z = 12. Suppose 2050 = 5*y - 3*g, 2*y - 544 - b = -5*g. Is y prime?
False
Suppose -3*n + 2*d + d + 1665 = 0, n + 2*d = 555. Suppose 10*w - 15*w + n = 0. Is w prime?
False
Is -4327*(3 - 4)*1 prime?
True
Suppose 2*b - 8 = -g, 5*b + 92 = 4*g - 5. Suppose s + l + 4*l = -g, -22 = -5*s + 3*l. Suppose -s*d - 36 = -3*d + 3*o, 25 = -5*o. Is d prime?
False
Let v(b) = b**3 - 2*b**2 - b - 7. Is v(6) composite?
False
Let p = 19 - 12. Let q(h) = h**3 - 8*h**2 + 8*h - 3. Let v be q(p). Suppose -3*z - v*f + 61 = 0, -4*f - 15 = -z - 0*f. Is z a prime number?
True
Suppose -5*m - 2189 = 4*d - 18222, 5*m + 2*d = 16029. Suppose -2*j = 3*j - m. Is j a prime number?
True
Let j(m) = 14*m - 7. Let a be (1/((-1)/(-14)))/2. Let f be (0 - a)*6/(-7). Is j(f) a prime number?
False
Let d = 10849 - 5304. Is d composite?
True
Let c(d) = d**3 + 8*d**2 + d - 2. Let o be c(-8). Let p = -6 - o. Is (6/p)/(6/52) a prime number?
True
Is (5 + -3)/((-8)/(-508)) prime?
True
Let p(z) be the first derivative of -14*z**2 - 5*z - 1. Is p(-6) a composite number?
False
Let q(w) = 5*w - 3*w + w - 5*w - 1 - 2*w**3. Is q(-3) composite?
False
Let k = 4 + -1. Suppose 3*o + 365 = 4*s - 162, -2*s - k*o = -259. Suppose -t + w + s = 8, t - 107 = -3*w. Is t a prime number?
False
Suppose 2*u - 5 = -19. Let p be 134/6 + 5/(-15). Let y = p + u. Is y prime?
False
Let f(r) = -r**2 + 5*r - 4. Let y be f(4). Suppose -7*q + 3*q + 68 = y. Suppose 5*i